 What is the highest common factor of 15 and r?
5
Let z(x) = -x**2 - 12*x - 10. Let g be z(-7). Calculate the greatest common factor of 50 and g.
25
Let m(h) = h**2 + 10*h + 6. Let l be m(-10). Suppose -40 = 4*j - l*j. Calculate the highest common factor of 4 and j.
4
Suppose -10 = -2*t - 3*t. Suppose -t*n + 31 = 5*o, 5*o + 3*n + 0*n = 29. What is the greatest common factor of o and 49?
7
Let o(c) be the first derivative of 21*c**2/2 - 4*c - 6. Let q be o(4). What is the greatest common divisor of 32 and q?
16
Suppose -2*o = -3*o + 7. Suppose 0 = -5*q - 4*k + 566, -4*k + 353 - o = 3*q. What is the greatest common divisor of q and 22?
22
Suppose -32 = -5*n + 3*o, -8 = 2*n + 3*o + o. What is the highest common divisor of 6 and n?
2
Suppose -3*i + 311 = -52. Suppose 3*u = -5 - 4. Let t(p) = -p**3 - 3*p**2 - 3*p + 2. Let m be t(u). Calculate the highest common divisor of m and i.
11
Let n = -9 + 17. Let u = -56 + 112. What is the highest common divisor of n and u?
8
Let r = -77 + 78. Suppose 2*d = 4*g - 12, -2*d - 4*g + 23 = -g. What is the greatest common divisor of r and d?
1
Let x(y) = y**3 - 6*y**2 + 7*y - 1. Suppose 5*k = k + 20. Let o be x(k). What is the highest common divisor of 3 and o?
3
Suppose 5*r - 231 - 49 = 0. Suppose 4*g = -0*g + r. Calculate the highest common factor of 56 and g.
14
Let h = 91 + -31. What is the greatest common factor of h and 12?
12
Let n be 0 - (0 - 3/(-3)). Let p be (n + 7)/((-3)/(-2)). Let l(f) = f**3 + 5*f**2 - 3*f + 4. Let d be l(p). Calculate the highest common factor of 17 and d.
17
Let s be 2 - -31*(-2)/(-2). Calculate the highest common divisor of 3 and s.
3
Suppose 0 = 4*k + 3*i - 49, 0 = -3*i + 2*i - 1. Let x be (2*1)/(2/k). Let s = -268 - -385. Calculate the highest common factor of s and x.
13
Let o(i) = i + 6. Let u be o(-10). Let k be 2/(-16)*u*40. What is the highest common divisor of 220 and k?
20
Let k be (-2)/(-5) + 39/15. Let x be 1*6*1/(-3). Let t be (x/k)/(6/(-99)). What is the greatest common divisor of 88 and t?
11
Suppose 26 = 3*t + 2. Suppose 3*a = 2*a + t. Calculate the greatest common factor of a and 4.
4
Let w be -13 + 9 + 121*1. Calculate the highest common factor of w and 13.
13
Suppose -3*m + 4*p + 77 = 0, -3*p - 36 = -3*m + 45. What is the highest common factor of m and 248?
31
Let g = 77 - 42. Calculate the greatest common factor of g and 5.
5
Let z = 233 + -137. Let g = -34 - -46. Calculate the greatest common factor of z and g.
12
Suppose 3*b - 2*z = -6*z - 6, z + 5 = b. Calculate the highest common factor of 46 and b.
2
Suppose 0 = -5*q - 25, 5*z - 6*z + 32 = -4*q. Calculate the greatest common factor of 12 and z.
12
Let c(l) = -5*l**3 + 4*l**2 + 2*l - 2. Let p be c(-2). Calculate the greatest common divisor of p and 125.
25
Let l = 26 - 12. Let c = 39 - 25. Calculate the greatest common divisor of l and c.
14
Let c = -5 - -8. Suppose c*a - 15 = 3*u - 252, 0 = -2*u + a + 156. Let r = 117 - u. Calculate the highest common factor of 16 and r.
8
Let p(q) = -q**3 - 7*q**2 - 12*q - 6. Let b be p(-9). What is the greatest common divisor of b and 24?
24
Suppose -6*p + 102 = -546. What is the greatest common factor of 72 and p?
36
Let a(q) = 4*q - 17. Let p be a(17). What is the highest common factor of p and 17?
17
Let w(o) be the second derivative of o**4/12 - o**3/2 + 3*o**2 + 4*o. Let z be w(5). Calculate the greatest common factor of z and 2.
2
Let d(f) = 3*f**3 - f**2 - f - 2. Let c be (-2)/6 - 77/(-33). Let s be d(c). What is the greatest common factor of s and 16?
16
Let f be (5 - 7/2)*(4 + 2). Calculate the highest common factor of f and 27.
9
Let n = -21 - -45. Let j = -17 + n. Let k be 501/9 - 2/(-6). What is the highest common divisor of k and j?
7
Suppose 3*n + 2*x + 7 = 4*n, -2*n = 5*x + 31. Let w be n + 4 + 5 + 3. Calculate the greatest common divisor of w and 72.
9
Let n = 16 - 8. Let d be (8 - -254) + 2*2. Suppose 2*f + d = -3*h + 6*h, 5*f + 5 = 0. Calculate the highest common factor of n and h.
8
Suppose 0 = -5*x + 3*q + 22 - 4, 2*q = 8. What is the highest common factor of x and 15?
3
Let u be (-18)/(-27)*(9 - 0). Suppose 5*o - 14 = 76. What is the greatest common factor of u and o?
6
Let j(h) = h + 2. Let u(v) = v + 1. Let b(l) = -4*j(l) + 3*u(l). Let n be b(5). Let d be (-118)/n - 4/(-20). What is the highest common divisor of d and 96?
12
Let i = 1 - -35. Calculate the greatest common divisor of 4 and i.
4
Suppose 2*c = 3*b + 4 + 4, -20 = 3*b - 5*c. Suppose 2*j - 25 = q, j - q + b*q = 10. What is the highest common factor of j and 3?
3
Suppose 2*p - 95 = p. Calculate the highest common factor of 19 and p.
19
Let a be 4/30*-6*-5. Calculate the highest common factor of 6 and a.
2
Let y(f) = -13*f**2 - 21*f + 12. Let t(z) = 3*z**2 + 5*z - 3. Let k(o) = 9*t(o) + 2*y(o). Let l be k(-5). What is the greatest common divisor of l and 21?
7
Let b(w) = w**2 + w - 4. Let t be b(4). Suppose -5*x = -6*x + t. Let u(r) = r**2 - 6*r + 7. Let v be u(5). Calculate the greatest common divisor of x and v.
2
Let f(w) = 0*w**2 - 4*w**3 + 10*w**3 - w**2 - w + 1. Let d be f(1). Let i(r) = r + 55. Let v be i(0). What is the highest common divisor of d and v?
5
Suppose -1 = -n + 4. Let a = -11 + 31. Calculate the greatest common divisor of n and a.
5
Let i = 2 + -4. Let x = 30 + i. What is the highest common factor of x and 7?
7
Let n(r) = -9*r - 36. Let h be n(-13). Calculate the greatest common divisor of 9 and h.
9
Suppose 3*u - y + 23 = 0, u - 3 = -u - 3*y. Let p = u - -10. Suppose 0 = p*d + d - 40. What is the greatest common divisor of 56 and d?
8
Suppose 2*x + v - 151 = -x, -4*x + 5*v = -214. Calculate the greatest common factor of 357 and x.
51
Let d(s) be the second derivative of 19*s**4/12 + s**3/6 + s. Let q be d(1). Calculate the greatest common factor of 60 and q.
20
Let m(d) = d**2 + 3*d - 7. Let b be -6*(-1 + 2/1). Let y be m(b). What is the greatest common divisor of 44 and y?
11
Let n(z) = 5*z**2 + 5. Let j(b) = 11*b**2 - b + 11. Let k(t) = -4*j(t) + 9*n(t). Let d = -12 + 8. Let g be k(d). What is the greatest common divisor of 9 and g?
1
Let h be 824/18 - (-6)/27. Let z = h - 11. Calculate the greatest common factor of 7 and z.
7
Let p be 1 + (-94)/(-2) + 0. Let l = -11 + 16. Suppose -9*b + 3*m = -4*b - 51, -54 = -l*b + 2*m. Calculate the greatest common divisor of p and b.
12
Suppose 2*s - 3*i + 100 = -2*s, 0 = -5*s + 5*i - 125. Let f = 44 + s. What is the highest common factor of f and 209?
19
Let l = 7 + -4. Let n be (-1 + 1)*3/l. Suppose n = -0*o - o + 44. What is the greatest common divisor of o and 110?
22
Let b = 343 - 87. What is the greatest common divisor of b and 32?
32
Let b(a) = 3*a**2 + 3*a + 4. Suppose -3*m - 1 = -2*j, 3*m - 4*j - j - 11 = 0. Let w be b(m). What is the highest common factor of 66 and w?
22
Suppose 7*c - 2*c - 30 = 0. Let s be -1*9/c*2. Let g(f) = -5*f - 4. Let r be g(s). What is the highest common factor of r and 77?
11
Let y(z) = 28*z. Let j be y(5). What is the highest common factor of j and 20?
20
Let p be 1/(2 + (-25)/13). What is the greatest common factor of 130 and p?
13
Suppose 4*c = 2*c + 4. Suppose r = -c*r. Suppose -3*q - 4*w - 10 + 51 = r, 52 = 4*q + 4*w. What is the highest common factor of q and 11?
11
Suppose 7*z - 12 = 3*z. Suppose 0 = z*x - 20 - 22. What is the greatest common divisor of x and 56?
14
Suppose -2*s + t = -2 - 5, 0 = -s - 3*t. What is the highest common factor of 1 and s?
1
Suppose -c = -76 + 3. Let v be (3/(-6))/(2/(-68)). Let m = c - v. What is the greatest common divisor of m and 14?
14
Suppose 3*h - 25 - 2 = 0. Let w = 126 + -63. What is the greatest common divisor of h and w?
9
Suppose 6*a - 2*a - 9 = -g, -5*a = -g - 9. Let h be a/(-11) + 52/44. Let p be ((-6)/(-9))/(h/18). What is the highest common factor of 6 and p?
6
Suppose 5*t = -2*x + 163, -3 = 4*x + 1. Let j be ((-3)/(-2))/(3/6). Suppose j*r - 81 = -t. What is the highest common divisor of r and 16?
16
Let q(m) be the first derivative of -1/3*m**3 + 11*m + 1/2*m**2 - 2. Let n be q(0). Calculate the highest common divisor of 121 and n.
11
Let f be 2/(-2 - 22/(-10)). Let g = 76 - f. What is the highest common divisor of g and 22?
22
Suppose 3*w = -p + 2*p + 221, 4*p - 340 = -5*w. Calculate the greatest common divisor of w and 8.
8
Let d(z) = 9